remainder when 364915 is divided by 60819?
1
Calculate the remainder when 3871 is divided by 186.
151
Calculate the remainder when 92461 is divided by 37.
35
What is the remainder when 2045 is divided by 1827?
218
What is the remainder when 17235 is divided by 8590?
55
What is the remainder when 5921139 is divided by 20?
19
Calculate the remainder when 83586 is divided by 20886.
42
What is the remainder when 76246 is divided by 45?
16
What is the remainder when 611 is divided by 213?
185
What is the remainder when 7340 is divided by 7183?
157
Calculate the remainder when 9270 is divided by 487.
17
Calculate the remainder when 9406 is divided by 168.
166
What is the remainder when 4292 is divided by 165?
2
What is the remainder when 45578 is divided by 642?
638
Calculate the remainder when 767 is divided by 607.
160
What is the remainder when 52860 is divided by 1389?
78
Calculate the remainder when 10398 is divided by 18.
12
Calculate the remainder when 52021 is divided by 18.
1
Calculate the remainder when 187118 is divided by 8910.
8
Calculate the remainder when 15026 is divided by 36.
14
Calculate the remainder when 6162 is divided by 768.
18
What is the remainder when 721933 is divided by 419?
415
What is the remainder when 21836 is divided by 878?
764
Calculate the remainder when 28685 is divided by 3.
2
Calculate the remainder when 1208 is divided by 144.
56
Calculate the remainder when 45454 is divided by 355.
14
What is the remainder when 7307 is divided by 85?
82
Calculate the remainder when 2879 is divided by 206.
201
Calculate the remainder when 2363 is divided by 140.
123
Calculate the remainder when 438898 is divided by 462.
460
What is the remainder when 4559046 is divided by 472?
470
What is the remainder when 26761 is divided by 225?
211
Calculate the remainder when 47463 is divided by 15725.
288
What is the remainder when 5288 is divided by 663?
647
Calculate the remainder when 537 is divided by 175.
12
What is the remainder when 14749 is divided by 138?
121
What is the remainder when 851711 is divided by 96?
95
Calculate the remainder when 13541 is divided by 6763.
15
What is the remainder when 167965 is divided by 217?
7
What is the remainder when 84362 is divided by 461?
460
What is the remainder when 31461 is divided by 731?
28
What is the remainder when 803299 is divided by 145?
144
Calculate the remainder when 5500 is divided by 291.
262
Calculate the remainder when 4219 is divided by 13.
7
What is the remainder when 3024 is divided by 988?
60
Calculate the remainder when 1258 is divided by 2.
0
Calculate the remainder when 122 is divided by 47.
28
What is the remainder when 271578 is divided by 370?
368
What is the remainder when 38799 is divided by 9698?
7
What is the remainder when 74104 is divided by 9?
7
What is the remainder when 135646 is divided by 18?
16
What is the remainder when 1781 is divided by 932?
849
Calculate the remainder when 38468 is divided by 131.
85
Calculate the remainder when 5305 is divided by 533.
508
Calculate the remainder when 494918 is divided by 45.
8
What is the remainder when 4671 is divided by 108?
27
Calculate the remainder when 11058 is divided by 10613.
445
Calculate the remainder when 141580 is divided by 828.
820
What is the remainder when 22200 is divided by 2219?
10
What is the remainder when 316 is divided by 297?
19
Calculate the remainder when 2799 is divided by 10.
9
What is the remainder when 14517 is divided by 94?
41
Calculate the remainder when 6468 is divided by 2096.
180
What is the remainder when 23398 is divided by 2322?
178
What is the remainder when 533 is divided by 446?
87
Calculate the remainder when 1212 is divided by 89.
55
Calculate the remainder when 7771 is divided by 96.
91
Calculate the remainder when 48878 is divided by 81.
35
What is the remainder when 2271 is divided by 726?
93
Calculate the remainder when 127018 is divided by 438.
436
Calculate the remainder when 124911 is divided by 7.
3
What is the remainder when 4045 is divided by 3204?
841
What is the remainder when 3081 is divided by 515?
506
Calculate the remainder when 3444 is divided by 28.
0
Calculate the remainder when 51995 is divided by 327.
2
Calculate the remainder when 682165 is divided by 264.
253
What is the remainder when 55516 is divided by 1630?
96
Calculate the remainder when 386291 is divided by 323.
306
What is the remainder when 42345 is divided by 2484?
117
Calculate the remainder when 431646 is divided by 143881.
3
Calculate the remainder when 80867 is divided by 276.
275
Calculate the remainder when 5236 is divided by 1305.
16
What is the remainder when 250765 is divided by 14?
11
What is the remainder when 14490 is divided by 676?
294
What is the remainder when 2312 is divided by 272?
136
Calculate the remainder when 24699 is divided by 111.
57
Calculate the remainder when 6265 is divided by 5151.
1114
Calculate the remainder when 83268 is divided by 108.
0
What is the remainder when 987 is divided by 320?
27
What is the remainder when 18292 is divided by 796?
780
Calculate the remainder when 10200 is divided by 3.
0
What is the remainder when 2279 is divided by 784?
711
What is the remainder when 7646 is divided by 549?
509
What is the remainder when 4153 is divided by 653?
235
Calculate the remainder when 12279 is divided by 3062.
31
Calculate the remainder when 45045 is divided by 202.
201
Calculate the remainder when 36423 is divided by 62.
29
What is the remainder when 19082 is divided by 52?
50
Calculate the remainder when 16380 is divided by 110.
100
What is the remainder when 7587 is divided by 743?
157
What is the remainder when 2063 is divided by 228?
11
What is the remainder when 584764 is divided by 55?
4
What is the remainder when 26563 is divided by 231?
229
Calculate the remainder when 1477393 is divided by 1706.
1703
What is the remainder when 55510 is divided by 4625?
10
What is the remainder when 132122 is divided by 127?
42
Calculate the remainder when 575 is divided by 552.
23
Calculate the remainder when 21947 is divided by 62.
61
What is the remainder when 1096 is divided by 183?
181
Calculate the remainder when 25395 is divided by 30.
15
What is the remainder when 7517 is divided by 148?
117
Calculate the remainder when 5006 is divided by 12.
2
Calculate the remainder when 8196 is divided by 288.
132
Calculate the remainder when 6134 is divided by 157.
11
Calculate the remainder when 1301 is divided by 25.
1
What is the remainder when 380024 is divided by 9?
8
What is the remainder when 32075 is divided by 6414?
5
Calculate the remainder when 225633 is divided by 142.
137
What is the remainder when 1607 is divided by 111?
53
What is the remainder when 458 is divided by 245?
213
What is the remainder when 62295 is divided by 12451?
40
What is the remainder when 10877 is divided by 485?
207
Calculate the remainder when 25248 is divided by 1056.
960
Calculate the remainder when 185742 is divided by 157.
11
Calculate the remainder when 272891 is divided by 32.
27
Calculate the remainder when 1853 is divided by 158.
115
Calculate the remainder when 21919 is divided by 5471.
35
What is the remainder when 276113 is divided by 234?
227
What is the remainder when 525827 is divided by 37?
20
What is the remainder when 37823 is divided by 18524?
775
Calculate the remainder when 25336 is divided by 1156.
1060
What is the remainder when 20807 is divided by 34?
33
What is the remainder when 16756 is divided by 116?
52
Calculate the remainder when 23560 is divided by 638.
592
Calculate the remainder when 3131 is divided by 530.
481
What is the remainder when 5269 is divided by 2464?
341
What is the remainder when 2034 is divided by 47?
13
What is the remainder when 8800 is divided by 305?
260
Calculate the remainder when 3079 is divided by 7.
6
What is the remainder when 22747 is divided by 175?
172
What is the remainder when 9791 is divided by 1128?
767
Calculate the remainder when 7880 is divided by 463.
9
Calculate the remainder when 18351 is divided by 543.
432
What is the remainder when 11445 is divided by 18?
15
What is the remainder when 6571 is divided by 1196?
591
Calculate the remainder when 1238334 is divided by 619161.
12
What is the remainder when 